{"id":1085,"date":"2024-04-26T06:10:45","date_gmt":"2024-04-26T04:10:45","guid":{"rendered":"https:\/\/chinacars.cl\/?post_type=product&#038;p=1085"},"modified":"2025-07-24T00:20:36","modified_gmt":"2025-07-23T22:20:36","slug":"pastillas-delanteras-chev-spark-gt-1-2","status":"publish","type":"product","link":"https:\/\/chinacars.cl\/?product=pastillas-delanteras-chev-spark-gt-1-2","title":{"rendered":"PASTILLAS DELANTERAS CHEV SPARK GT 1.2"},"content":{"rendered":"<p>En general, las pastillas de freno suelen durar entre 30,000 y 70,000 kil\u00f3metros en condiciones normales de conducci\u00f3n. Sin embargo, es importante estar atento a se\u00f1ales de desgaste como chirridos, crujidos o disminuci\u00f3n en el rendimiento de frenado. Si se observan estos signos, es recomendable que un mec\u00e1nico inspeccione y reemplace las pastillas de freno seg\u00fan sea necesario para garantizar la seguridad del veh\u00edculo.<\/p>\n<p>El tiempo de duraci\u00f3n de las pastillas de freno de un autom\u00f3vil puede variar seg\u00fan varios factores, incluyendo la marca y tipo de pastillas, el estilo de conducci\u00f3n, las condiciones de la carretera y el mantenimiento adecuado del veh\u00edculo.<\/p>\n","protected":false},"excerpt":{"rendered":"<p>Pastillas Delanteras ACDelco Original Chevrolet Spark GT 1.2 2011-2017<\/p>\n","protected":false},"featured_media":1087,"comment_status":"open","ping_status":"closed","template":"","meta":[],"product_brand":[],"product_cat":[26,42,41],"product_tag":[16,28],"class_list":{"0":"post-1085","1":"product","2":"type-product","3":"status-publish","4":"has-post-thumbnail","6":"product_cat-chevrolet","7":"product_cat-frenos","8":"product_cat-pastillas","9":"product_tag-bujias-encendido","10":"product_tag-chevrolet","12":"first","13":"outofstock","14":"shipping-taxable","15":"purchasable","16":"product-type-simple"},"jetpack_sharing_enabled":true,"_links":{"self":[{"href":"https:\/\/chinacars.cl\/index.php?rest_route=\/wp\/v2\/product\/1085","targetHints":{"allow":["GET"]}}],"collection":[{"href":"https:\/\/chinacars.cl\/index.php?rest_route=\/wp\/v2\/product"}],"about":[{"href":"https:\/\/chinacars.cl\/index.php?rest_route=\/wp\/v2\/types\/product"}],"replies":[{"embeddable":true,"href":"https:\/\/chinacars.cl\/index.php?rest_route=%2Fwp%2Fv2%2Fcomments&post=1085"}],"wp:featuredmedia":[{"embeddable":true,"href":"https:\/\/chinacars.cl\/index.php?rest_route=\/wp\/v2\/media\/1087"}],"wp:attachment":[{"href":"https:\/\/chinacars.cl\/index.php?rest_route=%2Fwp%2Fv2%2Fmedia&parent=1085"}],"wp:term":[{"taxonomy":"product_brand","embeddable":true,"href":"https:\/\/chinacars.cl\/index.php?rest_route=%2Fwp%2Fv2%2Fproduct_brand&post=1085"},{"taxonomy":"product_cat","embeddable":true,"href":"https:\/\/chinacars.cl\/index.php?rest_route=%2Fwp%2Fv2%2Fproduct_cat&post=1085"},{"taxonomy":"product_tag","embeddable":true,"href":"https:\/\/chinacars.cl\/index.php?rest_route=%2Fwp%2Fv2%2Fproduct_tag&post=1085"}],"curies":[{"name":"wp","href":"https:\/\/api.w.org\/{rel}","templated":true}]}}