{"id":1459,"date":"2024-07-17T19:05:54","date_gmt":"2024-07-17T17:05:54","guid":{"rendered":"https:\/\/chinacars.cl\/?post_type=product&#038;p=1459"},"modified":"2025-07-23T23:10:40","modified_gmt":"2025-07-23T21:10:40","slug":"sensor-eje-levas-chev-groove-1-5","status":"publish","type":"product","link":"https:\/\/chinacars.cl\/?product=sensor-eje-levas-chev-groove-1-5","title":{"rendered":"SENSOR EJE LEVAS CHEV GROOVE 1.5"},"content":{"rendered":"<p>Algunos s\u00edntomas que podr\u00edan indicar que el sensor de \u00e1rbol de levas necesita ser revisado o cambiado son problemas de arranque, puedes experimentar arranques intermitentes o el motor podr\u00eda no arrancar en absoluto, rendimiento irregular del motor, con tirones, sacudidas o una p\u00e9rdida de potencia durante la aceleraci\u00f3n, p\u00e9rdida de potencia, especialmente al acelerar o al subir pendientes, problemas de ralent\u00ed inestable, si el ralent\u00ed del motor se encuentra inestable, fluct\u00faa o se mantiene demasiado alto o bajo, podr\u00eda indicar un problema con el sensor, junto con lo anterior tambi\u00e9n se tendr\u00e1 un consumo de combustible aumentado.<\/p>\n<p>Luces indicadoras en el tablero, como la luz de &#8220;Check Engine&#8221; (Revisar motor) o una luz espec\u00edfica de sensor de \u00e1rbol de levas.<\/p>\n<p>Si experimentas alguno de estos s\u00edntomas, es importante que lleves tu veh\u00edculo a un mec\u00e1nico de confianza para que realice una inspecci\u00f3n y determine si es necesario reemplazar.<\/p>\n","protected":false},"excerpt":{"rendered":"<p>Sensor de Posici\u00f3n Eje de Levas CMP Original Chevrolet Groove 1.5 2021-2024<\/p>\n","protected":false},"featured_media":1462,"comment_status":"open","ping_status":"closed","template":"","meta":[],"product_brand":[],"product_cat":[26,67,60],"product_tag":[16,28],"class_list":{"0":"post-1459","1":"product","2":"type-product","3":"status-publish","4":"has-post-thumbnail","6":"product_cat-chevrolet","7":"product_cat-sensor-eje-levas","8":"product_cat-sensores","9":"product_tag-bujias-encendido","10":"product_tag-chevrolet","12":"first","13":"outofstock","14":"shipping-taxable","15":"purchasable","16":"product-type-simple"},"jetpack_sharing_enabled":true,"_links":{"self":[{"href":"https:\/\/chinacars.cl\/index.php?rest_route=\/wp\/v2\/product\/1459","targetHints":{"allow":["GET"]}}],"collection":[{"href":"https:\/\/chinacars.cl\/index.php?rest_route=\/wp\/v2\/product"}],"about":[{"href":"https:\/\/chinacars.cl\/index.php?rest_route=\/wp\/v2\/types\/product"}],"replies":[{"embeddable":true,"href":"https:\/\/chinacars.cl\/index.php?rest_route=%2Fwp%2Fv2%2Fcomments&post=1459"}],"wp:featuredmedia":[{"embeddable":true,"href":"https:\/\/chinacars.cl\/index.php?rest_route=\/wp\/v2\/media\/1462"}],"wp:attachment":[{"href":"https:\/\/chinacars.cl\/index.php?rest_route=%2Fwp%2Fv2%2Fmedia&parent=1459"}],"wp:term":[{"taxonomy":"product_brand","embeddable":true,"href":"https:\/\/chinacars.cl\/index.php?rest_route=%2Fwp%2Fv2%2Fproduct_brand&post=1459"},{"taxonomy":"product_cat","embeddable":true,"href":"https:\/\/chinacars.cl\/index.php?rest_route=%2Fwp%2Fv2%2Fproduct_cat&post=1459"},{"taxonomy":"product_tag","embeddable":true,"href":"https:\/\/chinacars.cl\/index.php?rest_route=%2Fwp%2Fv2%2Fproduct_tag&post=1459"}],"curies":[{"name":"wp","href":"https:\/\/api.w.org\/{rel}","templated":true}]}}