{"id":1514,"date":"2024-11-11T04:20:43","date_gmt":"2024-11-11T03:20:43","guid":{"rendered":"https:\/\/chinacars.cl\/?post_type=product&#038;p=1514"},"modified":"2025-10-28T19:53:11","modified_gmt":"2025-10-28T18:53:11","slug":"refrigerante-acdelco-dexcool-50-50","status":"publish","type":"product","link":"https:\/\/chinacars.cl\/?product=refrigerante-acdelco-dexcool-50-50","title":{"rendered":"REFRIGERANTE ACDELCO DEXCOOL 50\/50 4L"},"content":{"rendered":"<p>Refrigerante ACDelco 50\/50 4L de color naranjo pre diluido de larga duraci\u00f3n cumple con norma GMW18270.<\/p>\n<p>Su f\u00f3rmula anticorrosi\u00f3n protege los metales del sistema de refrigeraci\u00f3n, creado con excelentes propiedades de transferencia de calor.<br \/>\nCumple con requisitos de las norma ASTM D3306 y ASTM D4985.<\/p>\n<p>&#8211; Marca: ACDelco<br \/>\n&#8211; Tipo: Refrigerante coolant pre-diluido<br \/>\n&#8211; Volumen: 4 Litros<br \/>\n&#8211; Categor\u00eda Servicio: Autom\u00f3vil, SUV, Pick Up.<br \/>\n&#8211; Tipo contenedor: Bid\u00f3n<\/p>\n","protected":false},"excerpt":{"rendered":"<p>Refrigerante Original ACDelco 50\/50 4L color naranjo cumple con norma GMW18270,\u00a0ASTM D3306 y ASTM D4985.<\/p>\n","protected":false},"featured_media":1515,"comment_status":"open","ping_status":"closed","template":"","meta":[],"product_brand":[],"product_cat":[47,59,77],"product_tag":[],"class_list":{"0":"post-1514","1":"product","2":"type-product","3":"status-publish","4":"has-post-thumbnail","6":"product_cat-oferta","7":"product_cat-refrigeracion","8":"product_cat-refrigerantes-motor","10":"first","11":"instock","12":"sale","13":"shipping-taxable","14":"purchasable","15":"product-type-simple"},"jetpack_sharing_enabled":true,"_links":{"self":[{"href":"https:\/\/chinacars.cl\/index.php?rest_route=\/wp\/v2\/product\/1514","targetHints":{"allow":["GET"]}}],"collection":[{"href":"https:\/\/chinacars.cl\/index.php?rest_route=\/wp\/v2\/product"}],"about":[{"href":"https:\/\/chinacars.cl\/index.php?rest_route=\/wp\/v2\/types\/product"}],"replies":[{"embeddable":true,"href":"https:\/\/chinacars.cl\/index.php?rest_route=%2Fwp%2Fv2%2Fcomments&post=1514"}],"wp:featuredmedia":[{"embeddable":true,"href":"https:\/\/chinacars.cl\/index.php?rest_route=\/wp\/v2\/media\/1515"}],"wp:attachment":[{"href":"https:\/\/chinacars.cl\/index.php?rest_route=%2Fwp%2Fv2%2Fmedia&parent=1514"}],"wp:term":[{"taxonomy":"product_brand","embeddable":true,"href":"https:\/\/chinacars.cl\/index.php?rest_route=%2Fwp%2Fv2%2Fproduct_brand&post=1514"},{"taxonomy":"product_cat","embeddable":true,"href":"https:\/\/chinacars.cl\/index.php?rest_route=%2Fwp%2Fv2%2Fproduct_cat&post=1514"},{"taxonomy":"product_tag","embeddable":true,"href":"https:\/\/chinacars.cl\/index.php?rest_route=%2Fwp%2Fv2%2Fproduct_tag&post=1514"}],"curies":[{"name":"wp","href":"https:\/\/api.w.org\/{rel}","templated":true}]}}