{"id":1721,"date":"2025-12-04T02:44:59","date_gmt":"2025-12-04T01:44:59","guid":{"rendered":"https:\/\/chinacars.cl\/?post_type=product&#038;p=1721"},"modified":"2025-12-04T02:46:26","modified_gmt":"2025-12-04T01:46:26","slug":"filtro-aceite-chev-sonic-sedan-1-6-vox-alternativo","status":"publish","type":"product","link":"https:\/\/chinacars.cl\/?product=filtro-aceite-chev-sonic-sedan-1-6-vox-alternativo","title":{"rendered":"FILTRO ACEITE CHEV SONIC SEDAN 1.6 &#8211; VOX ALTERNATIVO"},"content":{"rendered":"<p>Las pautas comunes sugieren un intervalo de cambio de aceite y filtro de alrededor de 5,000 a 10,000 kil\u00f3metros, pero esto puede variar seg\u00fan el tipo de aceite utilizado y las especificaciones del fabricante del veh\u00edculo.<\/p>\n<p>Al cambiar el aceite regularmente y reemplazar el filtro en cada cambio, contribuyes a mantener el motor en buenas condiciones al eliminar part\u00edculas y contaminantes del sistema de lubricaci\u00f3n.<\/p>\n<p>SKU 10012<\/p>\n","protected":false},"excerpt":{"rendered":"<p>Filtro de Aceite VOX Chevrolet Sonic Sedan 1.6 2012-2017 &#8211; (Origen y fabricaci\u00f3n TECFIL Brasil).<\/p>\n","protected":false},"featured_media":1722,"comment_status":"open","ping_status":"closed","template":"","meta":[],"product_brand":[98],"product_cat":[26,27,31],"product_tag":[28,29,34],"class_list":{"0":"post-1721","1":"product","2":"type-product","3":"status-publish","4":"has-post-thumbnail","6":"product_brand-vox","7":"product_cat-chevrolet","8":"product_cat-filtros","9":"product_cat-filtros-de-aceite","10":"product_tag-chevrolet","11":"product_tag-filtros","12":"product_tag-filtros-de-aceite","14":"first","15":"instock","16":"shipping-taxable","17":"purchasable","18":"product-type-simple"},"jetpack_sharing_enabled":true,"_links":{"self":[{"href":"https:\/\/chinacars.cl\/index.php?rest_route=\/wp\/v2\/product\/1721","targetHints":{"allow":["GET"]}}],"collection":[{"href":"https:\/\/chinacars.cl\/index.php?rest_route=\/wp\/v2\/product"}],"about":[{"href":"https:\/\/chinacars.cl\/index.php?rest_route=\/wp\/v2\/types\/product"}],"replies":[{"embeddable":true,"href":"https:\/\/chinacars.cl\/index.php?rest_route=%2Fwp%2Fv2%2Fcomments&post=1721"}],"wp:featuredmedia":[{"embeddable":true,"href":"https:\/\/chinacars.cl\/index.php?rest_route=\/wp\/v2\/media\/1722"}],"wp:attachment":[{"href":"https:\/\/chinacars.cl\/index.php?rest_route=%2Fwp%2Fv2%2Fmedia&parent=1721"}],"wp:term":[{"taxonomy":"product_brand","embeddable":true,"href":"https:\/\/chinacars.cl\/index.php?rest_route=%2Fwp%2Fv2%2Fproduct_brand&post=1721"},{"taxonomy":"product_cat","embeddable":true,"href":"https:\/\/chinacars.cl\/index.php?rest_route=%2Fwp%2Fv2%2Fproduct_cat&post=1721"},{"taxonomy":"product_tag","embeddable":true,"href":"https:\/\/chinacars.cl\/index.php?rest_route=%2Fwp%2Fv2%2Fproduct_tag&post=1721"}],"curies":[{"name":"wp","href":"https:\/\/api.w.org\/{rel}","templated":true}]}}