{"id":208,"date":"2024-01-28T00:04:49","date_gmt":"2024-01-27T23:04:49","guid":{"rendered":"https:\/\/chinacars.cl\/?post_type=product&#038;p=208"},"modified":"2025-12-04T00:51:34","modified_gmt":"2025-12-03T23:51:34","slug":"filtro-de-aire-chev-onix-1-4","status":"publish","type":"product","link":"https:\/\/chinacars.cl\/?product=filtro-de-aire-chev-onix-1-4","title":{"rendered":"FILTRO AIRE CHEV ONIX 1.4 &#8211; ACDELCO"},"content":{"rendered":"<p>En condiciones normales de conducci\u00f3n, se recomienda cambiar el filtro de aire cada 10,000, 15,000 a 30,000 kil\u00f3metros, pero esta cifra puede variar seg\u00fan las recomendaciones del fabricante del veh\u00edculo y el tipo de filtro.<\/p>\n<p>Si conduces en condiciones extremas, como \u00e1reas con altos niveles de polvo o polen, es posible que necesites cambiar el filtro de aire con m\u00e1s frecuencia para garantizar un rendimiento \u00f3ptimo del motor y una eficiencia de combustible adecuada.<\/p>\n","protected":false},"excerpt":{"rendered":"<p>Filtro de Aire ACDelco Chevrolet Onix 1.4 2017-2020<\/p>\n","protected":false},"featured_media":876,"comment_status":"open","ping_status":"closed","template":"","meta":[],"product_brand":[],"product_cat":[26,27,25],"product_tag":[28,29,30],"class_list":{"0":"post-208","1":"product","2":"type-product","3":"status-publish","4":"has-post-thumbnail","6":"product_cat-chevrolet","7":"product_cat-filtros","8":"product_cat-filtros-de-aire","9":"product_tag-chevrolet","10":"product_tag-filtros","11":"product_tag-filtros-de-aire","13":"first","14":"outofstock","15":"shipping-taxable","16":"purchasable","17":"product-type-simple"},"jetpack_sharing_enabled":true,"_links":{"self":[{"href":"https:\/\/chinacars.cl\/index.php?rest_route=\/wp\/v2\/product\/208","targetHints":{"allow":["GET"]}}],"collection":[{"href":"https:\/\/chinacars.cl\/index.php?rest_route=\/wp\/v2\/product"}],"about":[{"href":"https:\/\/chinacars.cl\/index.php?rest_route=\/wp\/v2\/types\/product"}],"replies":[{"embeddable":true,"href":"https:\/\/chinacars.cl\/index.php?rest_route=%2Fwp%2Fv2%2Fcomments&post=208"}],"wp:featuredmedia":[{"embeddable":true,"href":"https:\/\/chinacars.cl\/index.php?rest_route=\/wp\/v2\/media\/876"}],"wp:attachment":[{"href":"https:\/\/chinacars.cl\/index.php?rest_route=%2Fwp%2Fv2%2Fmedia&parent=208"}],"wp:term":[{"taxonomy":"product_brand","embeddable":true,"href":"https:\/\/chinacars.cl\/index.php?rest_route=%2Fwp%2Fv2%2Fproduct_brand&post=208"},{"taxonomy":"product_cat","embeddable":true,"href":"https:\/\/chinacars.cl\/index.php?rest_route=%2Fwp%2Fv2%2Fproduct_cat&post=208"},{"taxonomy":"product_tag","embeddable":true,"href":"https:\/\/chinacars.cl\/index.php?rest_route=%2Fwp%2Fv2%2Fproduct_tag&post=208"}],"curies":[{"name":"wp","href":"https:\/\/api.w.org\/{rel}","templated":true}]}}