{"id":659,"date":"2024-03-02T20:50:52","date_gmt":"2024-03-02T19:50:52","guid":{"rendered":"https:\/\/chinacars.cl\/?post_type=product&#038;p=659"},"modified":"2025-07-24T23:25:00","modified_gmt":"2025-07-24T21:25:00","slug":"bobina-encendido-chev-tracker-1-2t","status":"publish","type":"product","link":"https:\/\/chinacars.cl\/?product=bobina-encendido-chev-tracker-1-2t","title":{"rendered":"BOBINA ENCENDIDO CHEV TRACKER 1.2T"},"content":{"rendered":"<p>En general, las bobinas de encendido est\u00e1n dise\u00f1adas para durar entre 50,000 y 100,000 kil\u00f3metros en condiciones normales de manejo. Sin embargo, es importante tener en cuenta que pueden fallar antes o despu\u00e9s de este rango debido a diversos factores, como el desgaste normal, la exposici\u00f3n a temperaturas extremas, la contaminaci\u00f3n el\u00e9ctrica, entre otros. Siempre es recomendable seguir el programa de mantenimiento recomendado por el fabricante del veh\u00edculo y estar atento a cualquier s\u00edntoma de fallo de la bobina, como dificultades para arrancar, p\u00e9rdida de potencia o tirones al acelerar.<\/p>\n","protected":false},"excerpt":{"rendered":"<p>Bobina Encendido ACDelco Original Chevrolet Tracker 1.2T 2021-2024<\/p>\n","protected":false},"featured_media":827,"comment_status":"open","ping_status":"closed","template":"","meta":[],"product_brand":[],"product_cat":[43,26],"product_tag":[16,28],"class_list":{"0":"post-659","1":"product","2":"type-product","3":"status-publish","4":"has-post-thumbnail","6":"product_cat-bobina-encendido","7":"product_cat-chevrolet","8":"product_tag-bujias-encendido","9":"product_tag-chevrolet","11":"first","12":"outofstock","13":"shipping-taxable","14":"purchasable","15":"product-type-simple"},"jetpack_sharing_enabled":true,"_links":{"self":[{"href":"https:\/\/chinacars.cl\/index.php?rest_route=\/wp\/v2\/product\/659","targetHints":{"allow":["GET"]}}],"collection":[{"href":"https:\/\/chinacars.cl\/index.php?rest_route=\/wp\/v2\/product"}],"about":[{"href":"https:\/\/chinacars.cl\/index.php?rest_route=\/wp\/v2\/types\/product"}],"replies":[{"embeddable":true,"href":"https:\/\/chinacars.cl\/index.php?rest_route=%2Fwp%2Fv2%2Fcomments&post=659"}],"wp:featuredmedia":[{"embeddable":true,"href":"https:\/\/chinacars.cl\/index.php?rest_route=\/wp\/v2\/media\/827"}],"wp:attachment":[{"href":"https:\/\/chinacars.cl\/index.php?rest_route=%2Fwp%2Fv2%2Fmedia&parent=659"}],"wp:term":[{"taxonomy":"product_brand","embeddable":true,"href":"https:\/\/chinacars.cl\/index.php?rest_route=%2Fwp%2Fv2%2Fproduct_brand&post=659"},{"taxonomy":"product_cat","embeddable":true,"href":"https:\/\/chinacars.cl\/index.php?rest_route=%2Fwp%2Fv2%2Fproduct_cat&post=659"},{"taxonomy":"product_tag","embeddable":true,"href":"https:\/\/chinacars.cl\/index.php?rest_route=%2Fwp%2Fv2%2Fproduct_tag&post=659"}],"curies":[{"name":"wp","href":"https:\/\/api.w.org\/{rel}","templated":true}]}}